 -w*l = 160 - 2794. Is l a prime number?
False
Suppose -47*d + 52*d + 150 = 0. Let k = d + 32. Is (-7 + k)*(-3138)/30 composite?
False
Let w = 284 - 281. Is (3/w - 0)/1 + 912 composite?
True
Suppose 15 = c + 8. Suppose 15332 = 11*k - c*k. Is k a composite number?
False
Suppose -3*g - 9 = 0, 12*x - 9*x - 200367 = -2*g. Is x prime?
True
Let n(k) = 46*k**2 + 10*k + 41. Let z(x) = 2*x**2 + 18*x + 32. Let v be z(-3). Is n(v) composite?
True
Suppose 9 + 61 = 14*u. Suppose -i = u*g - 16, g + 2*i - 7*i - 24 = 0. Suppose 0 = z + g*z - 7675. Is z a composite number?
True
Suppose 77*h = 309*h - 197498194 - 39608358. Is h a composite number?
False
Suppose 6*w + 39 = 15. Let d(s) = -73*s + 49. Is d(w) composite?
True
Let x(h) = 4*h**3 + 13*h**2 - 8. Let r(w) = -7*w**3 - 25*w**2 + 15. Let j(p) = 3*r(p) + 5*x(p). Let l be j(-10). Is (-1)/(0 + l/(-2865)) a prime number?
False
Suppose 4*f + 42396 + 3935 = -5*g, -g + 5*f - 9272 = 0. Let h = -5258 - g. Is h composite?
True
Let k(w) be the first derivative of w**4/4 - 3*w**3 - w**2/2 + 17*w + 45. Let u be k(8). Let a = u - -168. Is a a composite number?
False
Let c = 680105 + -294558. Is c a composite number?
True
Suppose 5*h - 5*w - 3233805 = 0, -3233837 = -5*h - 5*w + 18*w. Is h prime?
True
Let z be (-534)/(-12)*(-3 - 1). Let d = z - -548. Suppose u - 136 = -3*a + d, 2*a = 6. Is u a composite number?
True
Suppose -47*h + 206 = 535. Is h/(-42)*-6*-13745*1 a composite number?
True
Let i(y) = -3*y - 6*y + 57 - 143 + 49. Let c be 4*(-5)/6*3. Is i(c) prime?
True
Suppose -4*t = -3*p + 2343145, 5*t - 10*t = 2*p - 1562043. Is p a prime number?
False
Let d be 0/((2/6)/(2/12)). Suppose d = -2*p + n - 83 - 3066, 5*p + 5*n + 7910 = 0. Let w = p + 2314. Is w a composite number?
True
Suppose -229*l = 345*l - 372401598 + 33433360. Is l a composite number?
False
Suppose 5*v - 4*n - 382121 = 0, n + 130680 + 22166 = 2*v. Is v a composite number?
False
Suppose -5*o = 2*r + 595, 244 = -3*o + r - 124. Let w = o + 125. Suppose -w = -2*h, 4*h = -4*l + 2*h + 1784. Is l a composite number?
True
Suppose 3*d - 3*s + 674 = 2*s, -5*d + 5*s - 1110 = 0. Let m = 35 - d. Is m prime?
False
Let r be (-1)/((-4)/60*-5). Let c(u) = u**3 + u**2 + 1. Let x(v) = 131*v**3 + 10*v**2 + 7*v + 13. Let f(i) = 6*c(i) - x(i). Is f(r) a composite number?
True
Let n = 16882 + -6181. Suppose 0 = 6*w - 35175 + n. Is w a prime number?
True
Let s(r) = -4*r**3 + 7*r**2 - 9*r + 35. Let x(y) = 4*y + 5. Let g be x(-5). Is s(g) prime?
False
Suppose m - n - 136681 = 0, -5*m = -3*n - n - 683411. Is m a composite number?
True
Let d be (57/(-76))/((-9)/336). Suppose -d*j - 20102 = -131794. Is j prime?
True
Let y(d) be the third derivative of d**6/40 - d**5/5 - 5*d**4/24 - 3*d**3/2 + d**2. Suppose -81*z - 84*z = -179*z + 140. Is y(z) composite?
False
Let l be (1 + -9 - -530)/(6/4). Suppose -12*b = -l - 504. Is b a prime number?
True
Let g(z) be the third derivative of 2*z**5/5 - 9*z**4/8 - 2*z**3/3 - 111*z**2 - 2*z. Is g(11) composite?
True
Let t(n) = -4*n**3 + 72*n**2 - 3*n + 115. Is t(-36) prime?
False
Let s be (-57)/(8 + -4 + 125/(-31)). Suppose 0 = -5*r + 5*w + 4330, -s = -2*r - 115*w + 110*w. Is r composite?
True
Let u = -5944 - -8603. Suppose -u = 10*y - 96129. Is y composite?
True
Is (-1*3 - -1)*35416671/(-2694) a composite number?
False
Is 2 + 4/2*139266/108 a composite number?
True
Suppose -10824337 + 2609632 = -43*z + 34*z. Is z composite?
True
Let k(t) be the third derivative of 271*t**5/60 + t**4/24 + t**3 + 13*t**2. Let r be k(-3). Suppose -5*h - 3*o = -r, -o = 4*h + o - 1954. Is h composite?
True
Let d(k) = 10086*k**2 - 19*k + 47. Is d(2) prime?
False
Is 48497580/1440 + 1/8 prime?
True
Suppose 0 = -4*y + 4*l + 23412, -15*y + 10*y - 2*l + 29223 = 0. Is y a prime number?
False
Suppose -p = 39*f - 35*f - 215379, -6*f - 1076765 = -5*p. Is p prime?
True
Let u(k) = 1. Let z(p) = 57*p - 5. Let x(r) = 5*u(r) + z(r). Let s be x(-1). Is (-3)/2*32414/s a composite number?
False
Let i(v) = -1342*v + 176. Let h(c) = -2013*c + 266. Let j(o) = -5*h(o) + 8*i(o). Is j(-5) a composite number?
False
Let v be 10/(60/42) + 31. Is 176764/133 + (-2)/v composite?
True
Suppose -7*o + 135992 = 27763 - 195088. Is o a composite number?
False
Let h = -9 + 9. Let c(p) = -12*p + 989. Is c(h) a composite number?
True
Let m(o) = o - 4. Let w(r) = -r**2 - 189*r + 135. Let z(c) = 5*m(c) + w(c). Is z(-60) a prime number?
False
Suppose 3*m - 6 = -g, -3*m = g - 2*m - 2. Suppose g = 20*u - 7517 - 5063. Is u a composite number?
True
Let g be (-33102)/(-21) + (-4)/14. Suppose c - g - 1486 = 0. Suppose -5*b - 2*p = -c, -b - 2*b = p - 1838. Is b a composite number?
True
Is ((-98)/(-56))/((-28)/(-64))*(-70949)/(-4) a prime number?
True
Suppose -39 = -4*m - 27. Let i be ((-16)/10)/((-2)/10). Suppose -2*y - i = 0, 4*y = m*d - 980 - 635. Is d a prime number?
False
Is -20 + (11 - -12) - -4*(-31489)/(-1) composite?
False
Let x be (1 + 67/2)*82768/(-168). Let j = 30340 + x. Is j prime?
False
Let a = -15839 - -8602. Let l = a + 16124. Is l prime?
True
Let l = -291 + 287. Is l/32 - 533868/(-96) composite?
True
Let w(t) be the third derivative of t**7/1680 + t**6/144 + 3*t**5/10 - 11*t**2. Let r(c) be the third derivative of w(c). Is r(10) a composite number?
True
Let f(s) = 17*s - 43. Let q = 173 + -161. Is f(q) prime?
False
Suppose -18 = 3*c - 9*c. Suppose c*x + 4*a = 2*a + 17893, x - 5976 = -3*a. Is x prime?
False
Let k(n) = -30*n**3 + n**2 + 257*n + 29. Is k(-20) a prime number?
True
Is -7 - (13 + -4 + -10515) prime?
True
Suppose -193*t = -1722819 - 270292. Is t composite?
True
Let f = -43 - -41. Let z be (8 + -4 - 2)/(f/(-2659)). Let s = 4202 - z. Is s a composite number?
False
Let h(y) = 9*y - 5*y - 26 - 2*y. Let v be h(14). Suppose 4*q - 7710 = -2*t, -4*t + v*q + 19717 = 4247. Is t composite?
True
Let w = 1441 + 358. Let m = -1236 + w. Is m composite?
False
Let d(z) = -1 - 179*z - 4 + 1727*z - 3. Let j be d(12). Is ((-1)/2)/(0 + (-4)/j) a prime number?
False
Let x(a) = 1. Let z(r) = 95*r + 37. Let w(y) = 4*x(y) - z(y). Let b be w(-8). Is b - 2*(-3 + 1) a composite number?
True
Suppose -802 = -2*l + 3*t, 0 = 4*l + 4*t - 621 - 983. Let r = l + -66. Is r prime?
False
Suppose -4*c = -2*x - 54, 39 = 2*c - 3*x + 6. Let b be ((-16)/c - 3)*3. Is 39/b + (902 - -2) a composite number?
True
Suppose -5*j - 2*t + 296445 = 0, -3*j + 177886 = 23*t - 18*t. Is j composite?
True
Suppose -3 = -44*z + 45*z. Let p be (-12)/(-8)*(-8)/z + -2. Is 1/p*(4 + 1298 + 4) a prime number?
True
Let n = -60 + 62. Suppose a - 48 = n*p + 24, 0 = -4*a - 16. Is p + 39 + 1 + 15*5 a composite number?
True
Let r(t) = 12*t**3 + 10*t**2 + 194*t - 25. Is r(18) a prime number?
False
Let t be ((-2)/3)/(142/(-639)). Suppose -4*u - s = -344, t*u - 79 = -2*s + 184. Is u a composite number?
True
Let k = -135785 - -1037464. Is k composite?
False
Suppose -55*m = -60*m + b + 1386652, 3*m - 5*b - 831978 = 0. Is m a composite number?
False
Is (8 - 42/(-14)) + 78366 a composite number?
True
Let h(v) = 30*v**2 + 214*v - 23. Is h(39) a prime number?
False
Is 23728 - (44/(-16) + 5/(-20)) composite?
True
Let t be (-1 - -1)/(4 + -8). Suppose -2*u - 14*u + 89840 = t. Is u a prime number?
False
Let g(y) = 20 + 6*y + 203*y**2 + 277*y**2 + 5. Is g(-4) a composite number?
False
Suppose 0 = -2*i + 5*q + 40550, 0*i = 2*i + 2*q - 40522. Suppose -11*t + 6*t + 25 = 0, -2*t = -5*v + i. Is v composite?
True
Is -7 + (1*42 - 2)*306225/90 a composite number?
False
Let j = -81 + 84. Suppose 108 = j*a + 108. Suppose -3*m - 4*m + 7273 = a. Is m composite?
False
Let f be (4 - (-36)/(-8))*686. Let x = 410 + f. Is x a prime number?
True
Let z = 18 - 42. Let v be -2*9/z*-4. Is (-1 - v) + (366 - -3) prime?
False
Let p = 50 - 51. Let z(u) = 4344*u**2 - 1. Let r be z(p). Suppose 0 = n - 3*g - 3601, -3*g - 10043 = -4*n + r. Is n prime?
False
Suppose 18*k - 13213141 = -2200894 + 2360079. Is k composite?
True
Suppose 59*s - 54*s - 10 = 0. Let w(l) = 26*l**s + 8 - 24*l**2 + l + 8*l. Is w(-9) a prime number?
True
Let q(l) be the first derivative of 3*l**2 - 70*l + 10. Let h be q(12). Suppose -7*x + 47745 = h*x. Is x prime?
False
Let z(s) = -2*s**3 - 4*s**2 + 4*s + 12. Let o be z(-2). Suppose 0 = 3*j + b - 799, -o*b + 807 = 3*j - b. Is j prime?
False
Let c(q) = -6*q**2 + 3*q + 1. Let o(w) = 